be k(-1). Let o = -282 - -299. Calculate the highest common factor of y and o.
17
Suppose -2*l + 0*l = -5*r - 44, 4*r = -5*l + 77. Suppose 68 = 6*q - 2*q. Calculate the highest common divisor of q and l.
17
Suppose 3 = -5*r + 18. Suppose -15 = -9*y + 4*y. Calculate the greatest common divisor of r and y.
3
Let u be (1 - -49)*(-136)/(-85). Let r be u/(-5)*42/(-8). What is the highest common divisor of 12 and r?
12
Let b(q) be the second derivative of q**3/3 - q**2 - 2*q. Let z be b(8). Calculate the highest common factor of z and 7.
7
Suppose 0 = -2*u - 0*u + 2. Let w = 1 + u. What is the greatest common factor of 2 and w?
2
Let p be (9/2)/((-1)/(-2)). Let m = -58 + 94. What is the highest common divisor of p and m?
9
Let n(s) = -s**3 + 10*s**2 + 4*s - 28. Let j be n(10). Suppose 0 = -5*g + 3*g + 16. Calculate the greatest common divisor of j and g.
4
Let l be (2/4)/((-2)/(-288)). Calculate the highest common divisor of 18 and l.
18
Let v(z) = z**3 - 6*z**2 + 2*z - 8. Suppose 5*d - 12 = 3*d. Let n be v(d). Calculate the highest common divisor of n and 16.
4
Suppose -5*t = 4*a + 1, -4*a + 2*t = -a - 5. Let o be a*(34 + 4/2). What is the highest common factor of o and 12?
12
Let n(t) = -t + 1. Let l be n(-3). Let i be ((6/(-5))/(-3))/((-2)/(-20)). What is the greatest common factor of l and i?
4
Suppose 93 = -0*b + 3*b. Suppose s = -3*i - 2*i + 50, i = 4*s + b. Suppose 5*k + 5 = -0*a - 5*a, -3*k - i = -a. What is the greatest common factor of 22 and a?
2
Suppose 4*x - 51 = -3*b, -4*x - 12*b + 49 = -11*b. What is the greatest common factor of 96 and x?
12
Suppose 0*n = -n + 75. Let q(p) = 2*p**3 + p**2 + 3*p - 22. Let k be q(3). What is the greatest common factor of n and k?
25
Let w = 11 + -25. Let u be (9 + w)/(1*-1). Calculate the greatest common factor of 5 and u.
5
Suppose -4 - 12 = -4*i. Suppose 4*s = 2*n + 110, s + 5*n = i*s - 100. What is the greatest common factor of s and 10?
5
Let h(i) = -2*i**3 - 6*i**2 - 6*i - 2. Let u be h(-3). What is the greatest common factor of u and 56?
8
Let r(w) = -w**3 + 5*w**2 - 2*w - 1. Let n be r(3). Suppose -197 + 1802 = 3*f. Let y be (-3)/(-5) + f/25. What is the greatest common factor of n and y?
11
Suppose 0 = o - 5*i, -5*o = i + 2*i. Suppose -60 + o = -5*v. Suppose -4*g + 44 = -u, 15 = 2*g - 2*u - 1. What is the highest common divisor of g and v?
12
Let k(h) = -h**2 - 10*h + 14. Let b be k(-10). Calculate the greatest common divisor of b and 98.
14
Let u be 96/7 - (-8)/28. Suppose -4*c + 252 = -28. Calculate the highest common factor of u and c.
14
Let x(m) = m**3 + 3*m**2 - m + 19. Let v be x(0). What is the greatest common factor of 209 and v?
19
Let b be 732/26 - 12/78. What is the highest common divisor of 28 and b?
28
Let y be (-9 + -18)/((-2)/12). Suppose -5*t + y + 93 = 0. Calculate the greatest common factor of t and 17.
17
Let m be (4 + -5)/(2/(-8)). Suppose m*x - x = 15. Let f = -1 + x. What is the greatest common divisor of 8 and f?
4
Let a be 1/(0 + -2 - 35/(-17)). Calculate the greatest common factor of 119 and a.
17
Let r(c) = 0 - c**3 - 5*c + 0*c**2 + 2*c**2 - 4 + 4*c**2. Let v be r(4). What is the greatest common divisor of v and 88?
8
Suppose 602*a + 75 = 607*a. Let p = 40 - 25. What is the greatest common divisor of a and p?
15
Suppose r + q - 121 = 6*q, 4*r + 4*q = 508. Suppose z + 3 - 17 = 0. What is the greatest common factor of r and z?
14
Suppose -20 = -2*g - 2*g. Suppose 0 = -4*a - g*o + 7, a + 2*o - 1 = -3. Let q be (-12)/30 - 724/(-10). Calculate the greatest common divisor of a and q.
8
Suppose -z + 3*s = -14, -9*z + 6*z - 4*s + 42 = 0. Calculate the greatest common factor of 98 and z.
14
Let i = 126 + -118. Calculate the highest common divisor of i and 72.
8
Let w be (0 - -1) + (6 - -1). Let n(d) = d**3 + 10*d**2 + 5. Let z be n(-10). Suppose 2*q + z = 7*q. What is the highest common factor of q and w?
1
Let o(g) = 114*g - 2. Let a be o(1). Suppose 0*z - 4*i = 2*z - 64, 2*i + a = 5*z. What is the greatest common factor of 3 and z?
3
Let i = 9 + -1. Let f(c) = c**3 - 5*c + 4. Let h be f(3). Calculate the highest common divisor of h and i.
8
Suppose -70 = -5*w - 5*r, w = -4*r - 0 + 2. Let s be (-2)/(3/w*-1). What is the greatest common factor of 132 and s?
12
Let f(r) be the first derivative of -4*r + 3 + 13/2*r**2. Let u be f(4). Calculate the greatest common factor of 12 and u.
12
Suppose 0*n + 12 = 4*n, -4*j - 3*n = -153. Calculate the greatest common factor of j and 54.
18
Suppose -9*q = -2*q - 175. Suppose x - 3*n + 3 = -7, 4*x - 4*n = 0. Calculate the highest common divisor of q and x.
5
Let f = 11 - 8. Suppose 0 = -2*k + 4*l + 36, k - f = -l - 0. What is the highest common divisor of k and 88?
8
Let x = -65 - -70. What is the greatest common divisor of x and 15?
5
Suppose -5*m + 4*f = -82, 4*m - 4*f - 65 = -f. Let a(i) = -i**3 + 16*i**2 - 18*i + 12. Let p be a(m). Calculate the greatest common factor of p and 19.
19
Suppose -16*h = -15*h - 52. Let z(q) = q**3 + 3*q - 4*q + 8*q**2 - 2*q - 11. Let w be z(-8). Calculate the greatest common factor of w and h.
13
Suppose -3*d + 198 = -0*d. Suppose k = -0*k + 4*f + 46, f - d = -k. Suppose -k = x - 174. What is the greatest common factor of x and 16?
16
Let s = 9 + 11. Suppose 4*j + 0*j = s. Calculate the greatest common factor of j and 2.
1
Suppose -5*b + 5*x + 52 = x, -b - 3*x = -18. Calculate the greatest common divisor of 4 and b.
4
Let g = -5 + 13. What is the greatest common factor of g and 4?
4
Let s = 21 + -6. What is the greatest common divisor of s and 5?
5
Let u be (-1 + -4)*(-6)/10. Suppose -b = u*b - 8. Calculate the highest common divisor of b and 10.
2
Let n(r) = -r**2 + r - 2. Let o be n(0). Let g = o - 1. Let a(z) = z**3 + 4*z**2 + 2*z - 2. Let d be a(g). What is the greatest common factor of d and 9?
1
Suppose -y + 3*y + 4*m - 24 = 0, 4*y - 3*m = 26. Suppose -67 = -2*i + 5*j - y, i = -5*j + 22. Calculate the greatest common factor of 9 and i.
9
Let x = 4 - -11. Calculate the greatest common factor of x and 135.
15
Let j be ((-9)/(-6))/((-6)/(-16)). Suppose 14 = j*u + 2. Suppose 8 = -2*i, 0 = 5*d - 2*d - u*i - 93. Calculate the highest common factor of 3 and d.
3
Let x(k) = 25*k**2 - 3*k - 4. Let t be x(2). What is the greatest common factor of 36 and t?
18
Let u be (-16)/6*(-54)/8. Suppose 4*g = 436 + 140. Calculate the greatest common divisor of g and u.
18
Let w(a) = -10*a - 2. Let v be w(-5). Calculate the highest common factor of v and 16.
16
Let j(q) = 3*q**2 + 18. Let k be j(-4). Calculate the highest common divisor of k and 33.
33
Let u = -19 + 25. Suppose -4*t + 2*g = -52, -16 - 19 = -t - 5*g. What is the greatest common factor of t and u?
3
Suppose 2*s = -5*b + 44 - 3, 0 = -4*s + 5*b + 7. What is the greatest common factor of s and 64?
8
Let n = 22 + -16. Calculate the highest common divisor of n and 3.
3
Suppose 336 = 2*u + 2*u. What is the highest common factor of 21 and u?
21
Suppose -2*t = -5*t + 21. Suppose -3*c + t + 17 = 0. Suppose 2*q - 6 = -2*n, 0 = -n + q - 6 + 19. Calculate the greatest common divisor of n and c.
8
Let l = 103 - -86. Calculate the greatest common factor of l and 27.
27
Suppose 2*p - 6*p = -8. Suppose 2*h = -2*h. Let o be (2 + h + 2)*2. What is the greatest common divisor of o and p?
2
Suppose -5*k + 4 + 36 = 0. Let b = -118 - -67. Let d = 139 + b. Calculate the highest common factor of d and k.
8
Let o be 1/4 - 22/(-8). Let g = -8 - -38. What is the greatest common divisor of o and g?
3
Let t be (1 - (-3 - -1)) + 9. Calculate the greatest common divisor of t and 36.
12
Suppose 0 = -3*t + 3 + 6. Calculate the highest common factor of t and 2.
1
Let y(f) = 14*f + 7. Let z be y(8). Let g be 18 + 3 + 1 + -5. Calculate the highest common divisor of z and g.
17
Suppose -5*o = -3*i - 47, 2*o - 23 = -4*i + i. Let c = -12 - -37. What is the greatest common factor of o and c?
5
Suppose 0 = 2*m - 0*m - 44. Suppose -5*g - 3 = 47. Let o be 5/g - 354/(-4). Calculate the highest common divisor of o and m.
22
Suppose -13 = -u + 7. Suppose 0*o + 20 = 2*o. What is the greatest common factor of o and u?
10
Let h = 27 - 24. Let a be h/5*(-60)/(-2). Calculate the greatest common factor of 27 and a.
9
Let q = 7 + -3. Let c(h) = -h**2 + 2*h + 3. Let g be c(q). Let s = g - -11. What is the 